r of i and w.
46
Suppose 0 = -2*k + 4482 - 3780. What is the greatest common factor of k and 104?
13
Let m = 151 + -221. Let w = m - -45. Let q be 1/(-3)*450/w. What is the greatest common factor of q and 3?
3
Let l be 3*(-6)/(-18) - -1. Calculate the greatest common divisor of 73 and l.
1
Suppose 9*k = -158 + 572. What is the highest common divisor of 115 and k?
23
Let i be 9*6/(-9) + 357. Calculate the greatest common factor of 13 and i.
13
Let t(h) = -h**2 + 14*h - 15. Let o be t(13). Let a be (o - -8)*(-6)/4. Let g be (20/(-3))/(1/a). Calculate the greatest common divisor of g and 24.
12
Let w(p) = 3*p**2 + 4*p + 13. Let k be w(-10). What is the greatest common factor of k and 42?
21
Let u be -1 + 6 + -59 + 64. Calculate the greatest common factor of 60 and u.
10
Let a = 2107 - 2106. Calculate the greatest common divisor of a and 118.
1
Let n = 0 - 2. Let z be n/4 - (-3970)/20. What is the greatest common divisor of z and 18?
18
Let q = 4 + 26. Let w = -3 + q. Let n = 6 - -3. What is the highest common factor of w and n?
9
Suppose 45 + 228 = y. Let n be 21/5*(10 - 30 - -25). What is the greatest common factor of y and n?
21
Suppose i = 2*i - 4*i. Let u(c) = c**2 - 2*c + 36. Let t be u(i). What is the greatest common divisor of t and 9?
9
Suppose -553 - 203 = -9*i. What is the highest common factor of i and 36?
12
Suppose -20*j = 42*j - 12276. Calculate the greatest common factor of j and 11.
11
Let u = 10 + -5. Suppose -4*b + 36 = 4*j, 2*b - u*b - 6 = 0. Let q be (-5)/(20/(-12)) + 74. What is the highest common factor of q and j?
11
Let g(d) = -d**3 - 4*d**2 + 4*d - 4. Let y be -1 - (-1 + (-4)/(-1)). Let b be g(y). Let c be (-2*1)/(b/390). Calculate the greatest common factor of c and 39.
39
Let r be 4/(24/141)*2. Calculate the greatest common factor of 799 and r.
47
Suppose n - 5*t + 18 = 0, 3*n + t = 2*n + 12. Let q be ((-120)/14)/(n/(-49)). What is the greatest common divisor of 30 and q?
30
Let z be (-2)/(-1 + 0 - 1). Let o(l) = 15*l**3 - 2*l**2 + 1. Let q be o(z). Suppose 16 = -3*t + 22. Calculate the highest common factor of q and t.
2
Let r(l) = 2*l**2 + 20*l + 288. Let k be r(-9). Calculate the highest common factor of 10 and k.
10
Let m(u) = u**3 - 5*u**2 - 7*u + 54. Let k be m(6). Calculate the greatest common factor of k and 400.
16
Let o = 15 - 4. Suppose 3*x - o = -2*p, -3*x = 3*p - 8*x - 7. Suppose 0 = -i + 4*y + 60, 4*i = i + p*y + 140. Calculate the greatest common divisor of 5 and i.
5
Let w = 18 + -11. Suppose -5*h = 2*v - 0*v - 220, h - 2*v = 32. Calculate the highest common factor of h and w.
7
Suppose 292 = 2*t - 220. What is the highest common factor of 96 and t?
32
Let s be 29*(-3 + (-4)/(-2)). Let i = 31 - s. Suppose 0*f - 5*f + i = 0. Calculate the greatest common divisor of 96 and f.
12
Suppose 74 = z + 2*a, 3*z + 5*a = 129 + 92. What is the highest common divisor of 384 and z?
24
Let d be (-89200)/(-160) - -2*3/4. Calculate the greatest common divisor of d and 13.
13
Let m be (-158)/(((-16)/(-20))/((-156)/30)). Calculate the greatest common factor of 39 and m.
13
Let b = 718 + -547. Calculate the highest common divisor of b and 38.
19
Let l(q) = -57*q - 397. Let i be l(-7). Suppose 28 = -2*p - 4*b, -5*b - 10 - 27 = 3*p. Let m = p - -12. Calculate the highest common factor of i and m.
2
Suppose -3*k - 67 = -2*d, -4*d - k = 4*k - 189. Suppose -q + 5*c + d - 9 = 0, -2*q - 5*c = -64. What is the highest common divisor of 4 and q?
4
Let g = 6 + 13. Suppose 331 = 5*m - g. Calculate the highest common divisor of 7 and m.
7
Let j be (1 + -10)/(1 - 2). Let l = j + 46. Suppose -142*d + 140*d + 22 = 0. Calculate the greatest common factor of l and d.
11
Suppose -2*i + 17 = -15. Suppose 0 = 3*u - 110 - i. What is the greatest common factor of u and 28?
14
Suppose -4*m + 787 = -137. Suppose -2*b = 3*h - 67, 0 = 3*h - 5*h + b + 40. Calculate the highest common factor of h and m.
21
Let i(s) = -16*s + 310. Let q be i(18). What is the greatest common factor of q and 22?
22
Let s(f) = 47*f**2 - 25*f**2 - 21*f**2 + 2 - 2*f**3. Let d be s(-2). What is the greatest common factor of 55 and d?
11
Let q be 34/238 + ((-3848)/(-14) - 0). Suppose 30 = 2*p + 4*l, -p - 3*l + 20 = -2*l. Calculate the highest common factor of q and p.
25
Let g(v) = 71*v - 3. Let p be g(-4). Let d = -100 - p. Let y(a) = a**2 - 3*a - 11. Let u be y(7). Calculate the greatest common factor of d and u.
17
Let m be (-2526)/(-9) - (4 + 40/(-12)). What is the highest common factor of 56 and m?
56
Let q(p) = 2*p**2 - 11*p - 157. Let h be q(-9). Calculate the highest common factor of 26 and h.
26
Let x be (-3)/(-18)*10*51. Let m(t) = t - 1. Let s be m(1). Let w be 34*(0 - (s - 1)). What is the highest common factor of x and w?
17
Let u = 612 - 508. What is the highest common factor of 1352 and u?
104
Let n be ((-6)/(-9))/(2/9). Suppose 4 = -n*l - 2. Let f = 8 + l. What is the highest common factor of f and 24?
6
Let o(x) = 2*x**3 + 8*x**2 - 73*x - 66. Let y be o(-8). Suppose -15 = -z + 2*m + 67, -2*z = -5*m - 166. What is the highest common factor of z and y?
6
Let t be (10/5 - -1)/(3/43). Suppose 5*c = -2*x + 106, t - 6 = 2*c - x. Let m be (-2)/5 + 204/10. What is the highest common factor of m and c?
20
Let i(c) = 24*c + 30. Let m be i(13). What is the greatest common divisor of 76 and m?
38
Let w = -44 + 76. What is the highest common factor of w and 36?
4
Let p(o) = o**2 - 4. Suppose -2*u + 3*l = 18, -4*l + 6 = -2. Let z be p(u). What is the highest common factor of z and 80?
16
Let h(s) = 7*s + 42. Let i be h(10). Calculate the greatest common divisor of 28 and i.
28
Let o be (-1)/1 - (-4 - -1) - -32. Suppose -6 = 2*v, -4*v - o = -0*k - k. What is the greatest common divisor of k and 99?
11
Suppose 5*g = -3*c + 31, -5*c = 4*g + 6 - 36. Let m(i) = -i**2 + 11*i + 8. Let l = 34 + -23. Let b be m(l). What is the highest common divisor of c and b?
2
Suppose -h + 3*b + 33 = -7, 4*h = 2*b + 120. Let z(o) = 12*o + 49. Let v be z(-13). Let p = -51 - v. Calculate the greatest common divisor of p and h.
28
Let h(j) = 8*j**3 + 3*j**2 + 9*j - 8. Let w be h(5). Suppose -4*o + w - 144 = 0. What is the highest common divisor of 22 and o?
22
Suppose -u = a - 25, -u - 2 + 17 = 3*a. What is the greatest common divisor of u and 810?
30
Suppose 0 = -f - 15*f + 224. Let m be (f - 14 - 10/(-6))*3. What is the greatest common divisor of 35 and m?
5
Let g be 378/12 - ((-18)/(-4) + -5). Let b(k) = -k**3 + 9*k**2 - 5*k + 4. Let p be b(4). What is the highest common factor of g and p?
32
Let w(n) = -n**2 - 6*n + 12. Let f be w(-7). Suppose -f*z - 3*s + 87 = -88, 143 = 4*z + 3*s. What is the greatest common factor of z and 288?
32
Let r be 13/(169/3746) + (-6)/39. What is the highest common factor of r and 45?
9
Suppose -2006 = -5*i + 6*f - 4*f, 0 = 4*i + f - 1597. Suppose 37*h - i = 29*h. What is the greatest common divisor of h and 40?
10
Suppose -7*u + 539 + 21 = 0. Calculate the greatest common divisor of u and 32.
16
Let z be 1071/14 - 24/16. Let g be ((-2)/(-5))/(1/25). Suppose g = q - 5. Calculate the highest common divisor of q and z.
15
Suppose 3*z - 210 = -4*g, -g = 2*z - 86 - 49. Let s = 108 - z. Calculate the highest common factor of 84 and s.
42
Let y be 4 - ((-2)/2 + 1*3). Suppose 53 = w + y*m - 29, -430 = -5*w - 5*m. What is the highest common divisor of 36 and w?
18
Suppose 4*h = -3*x + 28, 0*x = x - 4. Suppose h*b - 3*b - 3 = 0. Suppose 42 = 4*m + 4*u - 26, -b = m - 4*u. What is the highest common factor of m and 39?
13
Suppose -4*h = 5*u + 8 + 2, 7 = u - h. Let f = -2 + u. Suppose 0 = 3*k - f - 12. Calculate the highest common factor of 32 and k.
4
Let z be 9/6*740/30. Calculate the greatest common divisor of 37 and z.
37
Let s(j) = 34*j - 71. Let b be s(16). What is the highest common divisor of b and 11?
11
Suppose -397*a - 48 = -401*a. Calculate the highest common factor of a and 84.
12
Suppose -55*h - 15*h = -11760. What is the greatest common factor of h and 2?
2
Suppose 51*w = 56*w - 920. Calculate the highest common divisor of 4 and w.
4
Let z(p) = -2*p**3 - 8*p**2 + 5*p - 10. Let u(q) = q**3 + q. Let g(s) = -3*u(s) - z(s). Let c be g(7). Calculate the highest common divisor of 6 and c.
3
Let f(b) = -b**2 - 27*b + 35. Let y be f(-29). Let w(n) = n**2 + 9*n - 26.